6*i + 1947 = 446 - 1859. What is o(i)?
-2
Let p(g) = g**2 + 23*g + 11. Let b be p(-23). Let c(r) = r**2 + 19*r + 4. Let m(o) = 2*o**2 + 36*o + 8. Let y(s) = b*c(s) - 6*m(s). Determine y(-6).
2
Let k(y) = -y - 6. Suppose 7*o - 39*o + 352 = 0. Suppose 5*p - o = -x, -18*x + 21*x + 3*p = -3. Determine k(x).
-2
Let c(w) = w - 17. Let x be c(11). Let p(d) = -4*d + 10. Let y(h) be the second derivative of h**3/3 - 5*h**2/2 - 5*h. Let g(r) = 4*p(r) + 7*y(r). What is g(x)?
17
Let g(z) = 19*z**2 - 304*z - 7. Let q be ((-396)/(-330))/((-2)/(-5)) + 13. Determine g(q).
-7
Let m(o) = 1 + 1 + 3 + 7*o**2 - o**3 - 2*o. Let q = -47155 + 47162. Give m(q).
-9
Let v be (36/(-5))/(-12)*(-4 - 260/(-15)). Let z(y) = y**2 - 9*y. Determine z(v).
-8
Let t(p) be the third derivative of -p**4/4 - 5*p**3/3 + 47*p**2 + 34*p. Give t(11).
-76
Let c be -2*(-1)/(-10) - (12 + 124/(-20)). Let b(s) = -3*s**2 - 43*s - 146. Calculate b(c).
4
Let s = -2 - -6. Suppose 5*f = 5*g, 4 = 5*g + s*f - 5. Let y(b) be the second derivative of 5*b**4/12 + 29*b. Give y(g).
5
Suppose 0*b + 16 = 4*b, -12 = -4*i - 2*b. Let s(p) = -3 - p - i - 3. Suppose -268*v - 1143 - 1001 = 0. Determine s(v).
1
Suppose 1942*z = 1878*z + 46 + 274. Let u(p) = 8*p + 44. Determine u(z).
84
Suppose j + 69 = 5*x + 21, -3*x = -4*j - 124. Let i(n) = n**2 + 32*n + 113. Determine i(j).
1
Let o(f) = 27*f - 130. Let l be o(5). Let s(n) = -n**3 + 4*n**2 + 8*n - 12. Determine s(l).
3
Let h(f) be the third derivative of -4*f**5/15 + f**4/24 - 14*f**2 + 3*f. Let y be (25 - 25) + 2 + -1. Determine h(y).
-15
Let a(i) = 333*i - 210. Let w(b) = -126*b + 70. Let l(y) = 3*a(y) + 8*w(y). Calculate l(-9).
11
Let y = 19 + -15. Suppose 5*i = -2*b - 46, 2*i - 18 = -y*b - 46. Let v(n) = 2 - n - 507*n**2 - 7*n + 506*n**2. Determine v(i).
2
Let h(w) be the third derivative of 5*w**4/24 - w**3/2 + w**2. Suppose 18 = -2*i + 2*g, -259*g + 8 = -4*i - 262*g. Give h(i).
-28
Let m(r) = 1107*r + 5536. Let l be m(-5). Let x(u) = -u**3 + u**2 + u. What is x(l)?
1
Let g(o) = -8*o - 160. Let w be g(-38). Let n = -155 + w. Let m(x) = x**2 + 9*x - 1. Determine m(n).
21
Let g(h) be the first derivative of 11*h**2 + 14*h + 1944. Give g(-1).
-8
Let m(b) = 4*b - 3. Let z(v) = 5*v - 4. Let h(j) = 4*m(j) - 3*z(j). Let i be 11/66 + (-58)/(-12). Suppose -2*s + i = 9. Calculate h(s).
-2
Let y(l) = l**2 + 4*l - 4. Let r(k) = -k**3 - 9*k**2 + 18*k + 218. Let h be r(-6). Calculate y(h).
8
Let m(s) = -37*s - 173. Let l(p) = 16*p + 85. Let x(t) = 7*l(t) + 3*m(t). What is x(-23)?
53
Let g(p) = -12*p - 8. Let m(s) = -7*s - 4. Let i(t) = -3*g(t) + 5*m(t). Let f be i(0). Let o(r) = -r**3 + 3*r**2 - 3*r - 1. What is o(f)?
-29
Let c be (38/6 + -5)/((-4)/30). Let w(k) = -1 + k**2 + 11 + 10*k - 4 - 7 - 5. Determine w(c).
-6
Suppose -2*o - 24 = -4*w, 2*o + 8 = -0*o. Let r(k) = -7 + 4 - k + w. Determine r(4).
-3
Let o(w) = -w**3 + w**2 + 2*w - 2. Let p(m) = -m**2 - 6. Suppose 2*q - 27 = 3*s, 5*s + 29 = 3*s + 5*q. Let k be p(s). Let t be (-2)/10 - k/25. Calculate o(t).
-2
Let w = -85 - -50. Let l be 6/21 + (-760)/w. Suppose -z + 2*d = -2, -8*z + d + l = -4*z. Let t(o) = o**3 - 6*o**2 - 2*o + 9. Determine t(z).
-3
Suppose 71*n = -5*n + 684. Let j(b) = 8*b**2 - 7*b + 17 + 15*b - b**3 - 5 + 3*b. Give j(n).
30
Let c(d) be the second derivative of -d**5/20 - d**4/2 + 4*d**3/3 + 4*d**2 + 31*d + 4. Determine c(-7).
1
Let d(r) be the second derivative of 1/2*r**3 + 0 - 1/2*r**2 + 75*r. What is d(-2)?
-7
Let w(z) = z**2 + 5*z - 5. Suppose 5*h - 3 - 9 = -u, -4*u + 16 = 4*h. Suppose p - 6 = k, p + 18 = -3*k + h*p. What is w(k)?
1
Let o(i) = 64*i - 320. Let y be o(5). Let n(k) = -15*k - 10. Determine n(y).
-10
Let l(k) = k**3 + k**2 - k + 15. Suppose 32*j - 5 = -i + 33*j, -2*i + 4*j = -20. Calculate l(i).
15
Let i(w) = -w**2 + 24*w + 19. Let d(h) = -2*h**3 - 18*h**2 + 43*h + 14. Let g be d(-11). Give i(g).
-6
Let o(g) = g**2 - g + 1. Let w = -380 - -620. Suppose j - 169 - 30 = -3*f, 5*j = 4*f - w. Let s = f + -67. Calculate o(s).
7
Let m be (12/8)/((-6)/(-16)). Let z(h) = -2082*h - 2054*h - 2 + 4138*h. Determine z(m).
6
Let n(t) = -4*t**3 - 3*t**2 + 7*t - 9. Suppose -423*b = 66*b - 978. Give n(b).
-39
Suppose 8*s - 4*s = -0*s - 10*s. Let q(g) = g**2 + 2*g + 87. Calculate q(s).
87
Let t be (-4)/6 - (-8)/3. Let n(z) = 14*z**3 - 3*z**2 - 12*z - 5. Let a(c) = -5*c**3 + c**2 + 5*c + 1. Let k(f) = -3*a(f) - n(f). Determine k(t).
4
Let k(a) be the third derivative of a**5/30 + a**4/6 - a**2. Let z = 164 - 160. Suppose 4*f = c - 19, -3*f + z*c - 18 = 2*c. Determine k(f).
16
Let u(m) = m**3 - 45*m + 11. Let n be u(7). Let b(p) = n*p + 40*p + 34*p - p**2 + 10 - 114*p. Calculate b(-7).
-32
Let w(d) = d**2 + d - 1. Let c(s) = 8*s**2 - 6*s - 2. Let v(n) = -c(n) - w(n). Let u(z) = 20*z**2 - 11*z - 6. Let o(k) = 4*u(k) + 9*v(k). Determine o(-3).
-9
Let i(q) = q**2 - 42*q. Let f be i(0). Let t(a) = a**3 + 2*a**2 + 2*a + 2. What is t(f)?
2
Let h(b) = -96*b - 4 - b**2 + 3 + 49*b + 49*b. What is h(6)?
-25
Let n(r) be the second derivative of -7*r**3/6 - 31*r**2/2 - 3*r + 122. Give n(-7).
18
Let j = -2 + -3. Let k = 5 + j. Let v(n) = 90 - 162 + 0*n + 38 + 40 + n. Give v(k).
6
Let h(w) = 63*w - 888. Let g be h(14). Let o(m) = -2*m**2 - 10*m + 4. What is o(g)?
-8
Let v(p) be the second derivative of -13/6*p**3 + 62*p + 3/2*p**2 + 0 + 1/12*p**4. What is v(12)?
-9
Let o(k) be the second derivative of -k**5/20 + k**4/3 - k**3/3 + k**2/2 + 17715*k - 3. Suppose -3*w = -11 + 2. Determine o(w).
4
Let a(k) be the first derivative of -20*k**3/3 - k**2/2 - 45. Let o(m) = -m**2 - m + 5. Let j be o(2). Give a(j).
-19
Let j be -1*2/5*-10. Let z(u) = -4 - j*u + 3 + 5*u. Let m(n) = -319*n - 1601. Let r be m(-5). What is z(r)?
-7
Let y(h) be the first derivative of -4*h - 1/2*h**2 + 5. Suppose -132 = 66*r - 0. Calculate y(r).
-2
Let u(t) = -4*t**2 - 36*t - 36. Let z be 12/(-30) + 7/((-35)/38). Let v be u(z). Let o(r) = -2*r - 8. Give o(v).
0
Let j(x) = -11*x - 3 + 16 - 3 - 4. Let z be j(-5). Suppose z*r - 63*r - 8 = 0. Let s(v) = -v**3 - 3*v**2 + 4*v + 4. What is s(r)?
4
Let f(h) = 19*h**2 + 116*h + 300. Let m(v) = 7*v**2 + 40*v + 97. Let l(i) = -3*f(i) + 8*m(i). Determine l(-6).
8
Let z(k) = 5*k**3 + 2869 - k**2 - 2872 - k - 4*k**3. Let f = -105 - -107. Determine z(f).
-1
Let a(u) = -1 + 4 + 4*u**3 - 3*u**3 + 5*u**2. Suppose 0 = 28*n + 19*n + 517. Let m be (n/462*-35)/(1/(-6)). What is a(m)?
3
Let h(l) be the third derivative of l**5/40 + l**4/8 + 103*l**3/6 + 244*l**2. Let s(u) be the first derivative of h(u). Suppose -j - 6 = -0*j. Calculate s(j).
-15
Let i(q) be the first derivative of -q**2/2 - 6*q - 859. Let a = -9 - -5. Let x be a/10 + (-4)/(-10). What is i(x)?
-6
Let j = 36 - 26. Suppose -77*u + 250*u = 346. Suppose 0 = u*l - j*l - 72. Let r(f) = -f**3 - 9*f**2 + 8. What is r(l)?
8
Let k(h) = -45*h - 301. Let v(r) = 83*r + 598. Let y(j) = -7*k(j) - 4*v(j). Determine y(-17).
4
Suppose 5*f + 8032 - 8016 = 4*d, 5*d - 2*f - 20 = 0. Let s(u) be the third derivative of -u**4/24 - u**2. Give s(d).
-4
Let v = -470 + 472. Let l(r) = 5*r + 3*r**2 - v*r**2 - 13 + 15 - r. Give l(-4).
2
Let f(p) = 4*p**3 - 6*p**2 + 3*p - 5. Let u = -27 + 24. Let l(g) = g**3 - g - 1. Let n(x) = u*l(x) + f(x). Suppose 24*y + 19 = 115. Calculate n(y).
-10
Let k(q) = 28*q**3 + 71*q**2 + 270*q + 74. Let h(f) = -13*f**3 - 35*f**2 - 127*f - 37. Let w(u) = 13*h(u) + 6*k(u). Calculate w(-28).
47
Let w(b) = b**3 + 4*b**2 - 5*b + 5. Let a be 1/((-3)/(-9)*(-6)/10). Give w(a).
5
Let l(m) = -12*m + 87. Let b be l(7). Let x(u) = 27691 - 27691 + 5*u**b - u + 4*u**3. What is x(1)?
8
Let o = 11 - 9. Let f(i) = i - 1. Let y(g) = -3*g**2 + g - 1. Let s(p) = -2*f(p) - y(p). Calculate s(o).
9
Let h = 22164 + -22169. Let i(d) = -4*d**2 - 24. Let l(v) = v**2 + 1. Let z(m) = i(m) + 5*l(m). Calculate z(h).
6
Suppose 5*r = 1 - 1. Let z be r + -3 + 2 + -3. Let x(s) = -s**2 + 1. Let k(i) = -5*i**2 + 2*i + 3. Let b(v) = k(v) - 6*x(v). Give b(z).
5
Let f(p) = -p**2 - 8*p + 5. Let h = -82 + 229. Suppose -x - x - j = -h, 5*j = x - 46. Let w = x - 79. Calculate f(w).
5
Let m(x) = -2*x + 5. Let o be 76 + -70 - 2*(-2)/(-1). What is m(o)?
1
Let x(d) = d**2 + 3*d. Suppose b + 56 - 75 = 0. Suppose b*u = 7*u - 36. What is x(u)?
0
Let t = -48043 - -48049. Let y(v) be the first derivativ